14 (base 13) in base 12?
-18308
What is 5cb0d (base 16) in base 3?
201021210112
What is 102220032 (base 4) in base 2?
10010101000001110
Convert 5a23c (base 13) to base 3.
22101120012
What is -31aaa (base 14) in base 7?
-1010103
Convert 200002221102 (base 3) to base 14.
93c7c
Convert -21000122011210 (base 3) to base 4.
-32033102001
What is -5a4d0 (base 14) in base 16?
-35d46
Convert 2401400231 (base 5) to base 15.
738acb
-11213321021 (base 4) to base 12
-5b10b5
-13401016 (base 8) to base 11
-177a395
What is 5735c5 (base 16) in base 6?
322300101
128219 (base 11) to base 7
1465500
-27715345 (base 9) to base 12
-4711b42
What is 2b49ca (base 15) in base 13?
582ba4
1100211102020 (base 3) to base 4
2300333001
-175647 (base 11) to base 8
-1021172
167039 (base 10) to base 16
28c7f
-5423744 (base 12) to base 8
-74735144
-95916 (base 10) to base 6
-2020020
Convert -715942 (base 13) to base 16.
-28492c
3304232 (base 6) to base 7
1252604
5def (base 16) to base 7
130052
Convert -1011010010011100101011 (base 2) to base 16.
-2d272b
What is -43233211 (base 5) in base 9?
-620632
3023033002 (base 4) to base 9
1507814
156640a (base 11) to base 14
4d826a
Convert 1332223132 (base 4) to base 15.
a3b1d
What is -243213410 (base 5) in base 10?
-1147980
What is -1100010001101000 (base 2) in base 12?
-25120
Convert 105432526 (base 7) to base 2.
11000100001011100001100
-195696 (base 12) to base 11
-284433
What is -17d0098 (base 14) in base 13?
-259c20c
What is b6bc7 (base 13) in base 14?
8806b
Convert 182371 (base 9) to base 3.
12202102101
What is b6b275 (base 16) in base 5?
11031120422
100110111001010100 (base 2) to base 10
159316
What is 1100000110011010 (base 2) in base 14?
140c2
What is -355ce8 (base 16) in base 7?
-41503616
Convert -cc77 (base 15) to base 13.
-16939
-10100001011001110011100 (base 2) to base 14
-9b95da
205151422 (base 6) to base 12
125b572
What is -2212000 (base 4) in base 8?
-24600
Convert -2211111120020 (base 3) to base 7.
-15541035
What is -1666303 (base 8) in base 3?
-220201111001
What is 1145c (base 16) in base 5?
4230443
What is -137584 (base 12) in base 14?
-860ba
312104 (base 5) to base 11
77a5
What is 11101011111100111110010 (base 2) in base 8?
35374762
-11120120021021 (base 3) to base 16
-251c8c
What is -5566c0 (base 14) in base 6?
-142045200
-1d4b5d (base 15) to base 7
-15120325
What is 201112310 (base 4) in base 6?
2532312
-36800 (base 13) to base 8
-303571
1669041 (base 13) to base 12
2515193
-320101223 (base 4) to base 6
-4535055
What is 132223323 (base 4) in base 2?
11110101011111011
-200899 (base 10) to base 4
-301003003
Convert 31cc4 (base 14) to base 6.
2325540
What is -221202200201 (base 3) in base 11?
-317045
Convert -110122001202 (base 3) to base 11.
-15a893
Convert 117ce (base 16) to base 4.
101133032
Convert -1a22890 (base 11) to base 9.
-6374545
-1032dc (base 16) to base 9
-1887211
Convert 315351 (base 7) to base 10.
54720
What is -16631126 (base 8) in base 9?
-7262616
-20dc45 (base 14) to base 11
-6a0845
What is 225604 (base 7) in base 13?
1552c
What is 55011242 (base 6) in base 14?
307990
-4144 (base 12) to base 9
-10667
Convert -101011110001010011001 (base 2) to base 12.
-592021
-b7196 (base 13) to base 15
-67ae7
2c9976 (base 13) to base 6
35415353
What is 10103042002 (base 5) in base 6?
1002425233
What is -119004 (base 11) in base 12?
-90737
What is -520445312 (base 6) in base 16?
-89426c
What is 30030321020 (base 4) in base 10?
3198536
What is 4dc35 (base 14) in base 2?
101110110011110111
What is -13745 (base 13) in base 12?
-19088
What is -21000100212002 (base 3) in base 8?
-16157647
-121200110 (base 3) to base 13
-56c7
What is 52de (base 15) in base 14?
6566
What is 168738 (base 11) in base 5?
31313213
What is -1000021211200111 (base 3) in base 4?
-313110310321
What is -4410224430 (base 5) in base 13?
-1c63589
-306fb8 (base 16) to base 14
-5c8b7a
Convert -1c1841 (base 14) to base 15.
-14c390
Convert -44d1f (base 16) to base 12.
-117167
What is -323021303 (base 4) in base 5?
-30223131
536606 (base 8) to base 14
4963c
Convert 242331432 (base 6) to base 8.
21430114
What is 546735 (base 8) in base 10?
183773
Convert -885fca (base 16) to base 11.
-50548a6
Convert 71cacc (base 14) to base 2.
1110101001000100101100
What is 166cd6 (base 16) in base 10?
1469654
Convert -37497 (base 14) to base 6.
-2522421
-24a527 (base 13) to base 9
-1580620
What is -161521 (base 11) in base 13?
-8a248
What is 1120002210210 (base 3) in base 7?
10021062
-100020120120120 (base 3) to base 8
-22572446
Convert -1e78d1 (base 16) to base 3.
-10202110101022
1212210000120 (base 3) to base 16
f4032
7fef08 (base 16) to base 15
b0935e
-472432 (base 8) to base 12
-7924a
1010010111000111011010 (base 2) to base 4
22113013122
Convert 74caa (base 16) to base 9.
808181
-133120034 (base 5) to base 10
-676269
What is 1ca64 (base 15) in base 11?
64252
Convert 101010100100010000000 (base 2) to base 13.
39ab47
11112121213 (base 4) to base 12
577747
124120011 (base 5) to base 12
257224
What is 343a34 (base 12) in base 8?
3141010
Convert 2478748 (base 10) to base 7.
30032446
Convert cb81 (base 15) to base 3.
2012010011
-9706 (base 15) to base 2
-111110011010100
196796 (base 11) to base 15
5e623
What is 3a819 (base 13) in base 7?
632602
What is 100110111011101000 (base 2) in base 15?
323ae
-5355355 (base 6) to base 3
-111102120022
121094 (base 11) to base 13
69394
-650230 (base 7) to base 13
-3c559
2604550 (base 7) to base 11
210874
Convert -2921133 (base 11) to base 12.
-1823047
What is -94842 (base 10) in base 11?
-65290
-677724 (base 9) to base 12
-176aa1
-12100031 (base 4) to base 15
-78c8
b65d9d (base 15) to base 8
41062727
21323300330 (base 4) to base 7
31064051
Convert -322102003 (base 4) to base 16.
-3a483
Convert c37f (base 16) to base 2.
1100001101111111
What is 2038383 (base 12) in base 2?
10111000100101100010011
What is -2022120022022 (base 3) in base 4?
-10230222101
What is 12222034 (base 5) in base 12?
57960
Convert -33502805 (base 9) to base 16.
-f7cfca
What is 1766715 (base 8) in base 11?
325450
What is -1122033022 (base 4) in base 9?
-623007
What is 2406000 (base 7) in base 4?
1022113020
Convert 201222120021 (base 3) to base 6.
12233011
What is -37648 (base 11) in base 16?
-d302
-365956 (base 10) to base 15
-73671
Convert -203056011 (base 7) to base 11.
-679611a
149cba (base 13) to base 3
221210010222
What is -22211120020 (base 3) in base 7?
-1323015
-526146 (base 8) to base 2
-101010110001100110
What is 31033132103 (base 4) in base 11?
1a61003
Convert 1a96a60 (base 13) to base 4.
201213103122
What is -88804 (base 11) in base 7?
-1044234
-3336344 (base 8) to base 5
-212302244
Convert 6112a9 (base 11) to base 4.
3233321233
What is -13202212232 (base 4) in base 3?
-10201102120222
What is 21753570 (base 8) in base 16?
47d778
Convert 10141143 (base 6) to base 3.
112220011100
What is -124432666 (base 7) in base 13?
-1858255
What is 1011000001110001 (base 2) in base 12?
22181
What is -9455a (base 11) in base 8?
-415043
Convert 1352102 (base 10) to base 13.
38457b
What is 1111001001000110 (base 2) in base 11?
42664
What is -110111100110000011011100 (base 2) in base 10?
-14573788
What is -11010110011101 (base 2) in base 10?
-13725
Convert -10101200101 (base 3) to base 4.
-100110103
What is -449c7 (base 13) in base 9?
-210063
What is -114314b (base 14) in base 7?
-126643524
-1557555 (base 8) to base 5
-103403123
Convert -221222011 (base 3) to base 10.
-18931
69c7 (base 14) to base 13
84b8
Convert -4442049 (base 10) to base 2.
-10000111100011111000001
Convert -36145445 (base 7) to base 14.
-5d5d5c
cde1 (base 16) to base 4
30313201
Convert -1874c92 (base 13) to base 6.
-443350051
Convert 10000001011100011100 (base 2) to base 12.
2169b8
1200011113 (base 4) to base 8
1400527
What is -100122 (base 7) in base 14?
-6212
Convert 4733180 (base 9) to base 2.
1001110001010001101010
-16170761 (base 8) to base 2
-1110001111000111110001
Convert -8557 (base 14) to base 11.
-16318
Convert 727714 (base 9) to base 12.
18a104
What is 21201222102120 (base 3) in base 12?
1464496
What is -32211303211 (base 4) in base 8?
-16456345
Convert 600014 (base 7) to base 13.
36b9c
What is 10120304 (base 8) in base 7?
24114064
What is 616 (base 12) in base 9?
1180
-1037526 (base 11) to base 